t and 119?
119
Suppose 2*b + 5 = t - 0, -31 = -4*t - 3*b. Let x be (1 - -226)/((-11)/22). Let q = -377 - x. Calculate the greatest common divisor of t and q.
7
Let a be (8 - 7)*(1 + 0). Suppose x + 16 = a. Let i = 0 - x. Calculate the highest common factor of i and 165.
15
Suppose i = 4*a + 5, -5*a = -3 + 23. Let x be 27/((198/(-24))/i). Suppose 27*p + 378 = x*p. What is the greatest common factor of p and 462?
42
Let g(n) = -7*n**2 - 21*n - 16. Let d(p) = 15*p**2 + 41*p + 33. Let j(z) = 6*d(z) + 13*g(z). Let k be j(-23). What is the highest common factor of 123 and k?
41
Let z(r) = r**3 + 9*r**2 + 6*r - 6. Let x be z(-8). Suppose -19*f - 14*f + 12634 = -6836. What is the greatest common factor of x and f?
10
Let v be 6 + -9 + 7/((-28)/(-232)) - 3. What is the greatest common factor of v and 806?
26
Let o(t) = -37*t**3 + t**2 + 3*t + 3. Let u be o(-2). Suppose -54*i - 5*l - 115 = -59*i, 50 = 2*i - l. Calculate the greatest common factor of i and u.
27
Let b = 415 + -550. Let v be b/(-36) - (-3)/(-4). What is the highest common factor of v and 3?
3
Let w be (-2 + -8)/(-2 - -3). Let r be (48/72)/(8/(-180)). Let m be (r/w)/((-6)/(-40)). What is the greatest common factor of m and 35?
5
Let p(u) = u**2 + 41*u + 464. Let q be p(-19). What is the highest common divisor of q and 782?
46
Suppose -15*i + 19*i + n - 5340 = 0, i = 3*n + 1322. What is the greatest common divisor of 464 and i?
58
Suppose 3*i + 237 = -474. Let m be i/(-33) - 2/11. What is the highest common factor of 77 and m?
7
Let s(x) = 3*x + 25. Let z be s(5). Suppose 0 = -3*b + 59 + z. Let k be b - (1 - 12/3). Calculate the highest common divisor of k and 24.
12
Let m = -17 - -19. Suppose -25 = -5*b + n, 2 = 4*b + m*n - 4. Suppose -16 = -3*q - f, -f - 2*f = b*q - 23. Calculate the greatest common divisor of q and 35.
5
Let r = 4555 - 4445. Let z = -19 - -40. Let w = 23 + z. Calculate the greatest common divisor of r and w.
22
Let d be (-6)/(-21) + 32/(-14). Let j = 10 - d. Suppose -m = 2*w - 3*w, -2*m - 9*w = -12*w + 12. What is the highest common divisor of j and m?
12
Let i(d) = 2*d**2 - 5*d + 3 + 7 - 2. Let h be i(3). Let w be -1*(-3)/18*6. Calculate the greatest common factor of w and h.
1
Let q(j) = -26*j + j**2 + 3 - 8*j**2 + 18 - 72*j**2 - 14*j**2 + 2*j**3. Let c be q(47). What is the greatest common divisor of c and 63?
63
Let j = 188 + -92. Let l(s) = -s**2 + 1. Let k(y) = 12*y + 36. Let z(f) = k(f) + l(f). Let n be z(13). What is the highest common divisor of n and j?
24
Let j = 4286 + -4166. What is the greatest common divisor of 4296 and j?
24
Let h(v) = 3*v + 6. Let k be h(-2). Suppose c + 6 = 3, k = 3*b - 3*c - 90. Calculate the highest common divisor of 108 and b.
27
Suppose -17*n + 625 = 4*m - 16*n, -4*n - 755 = -5*m. What is the highest common factor of 305 and m?
5
Let c(y) = -y**3 + 43*y**2 - 42*y + 102. Let f be c(42). Calculate the highest common divisor of 5661 and f.
51
Let p(d) = -2*d**3 - 74*d**2 + 163*d + 287. Let y be p(-39). What is the highest common factor of y and 8582?
14
Let w(i) = -i**3 - 8*i**2 + 11*i + 20. Let a be w(-9). Suppose 7*s - 2*s = 4*n + 229, -2*n + 88 = a*s. Calculate the greatest common factor of s and 765.
45
Let i = 45 - 37. Let u = 19 - 17. Suppose u*s + i = 10. What is the highest common factor of s and 23?
1
Let k be (-5 - (-744)/168)*(-55 + -1). What is the greatest common divisor of 2 and k?
2
Suppose -84*c = -32*c - 2080. What is the highest common divisor of c and 1130?
10
Let g(q) = 3*q**3 - 16*q**2 - 45*q + 135. Let w be g(7). What is the greatest common divisor of w and 6513?
13
Let p(i) = i**2 + 1. Let g(b) = 4*b**2 - 4*b - 18. Let w(l) = -g(l) + 5*p(l). Let m be w(0). Let h = -123 + 192. What is the highest common factor of m and h?
23
Let g(s) = 10*s**2 + 11*s + 14. Let z be g(-7). Suppose -12*w + 245 = -z. Calculate the greatest common factor of w and 70.
14
Let f = 14458 - 14414. What is the highest common factor of f and 176?
44
Suppose -996 = -19*k - 64*k. Calculate the highest common factor of 51 and k.
3
Suppose 0 = -43*f - 41*f - 61*f + 167040. What is the greatest common divisor of f and 16?
16
Suppose 3*g + 18799 = 2*c, 56*g + 18793 = 2*c + 59*g. Calculate the highest common factor of c and 254.
254
Let r = 196 + -42. Let c be 26/10 + 16/40. Suppose 4*s = -t + 18, -4*t + c*s + 18 = -35. Calculate the greatest common divisor of t and r.
14
Suppose 0 = -152*l + 147*l + 20. Let p be (33/l)/((-84)/(-560)). Let m be 11/(2 - (-2)/(-2)). What is the greatest common factor of p and m?
11
Suppose -15884 = -64*j - 0*j - 12*j. Suppose -2*s + 2 = -0. Let d be s + (2 - (-16)/1). Calculate the highest common factor of j and d.
19
Let f(m) be the third derivative of 37*m**5/10 + m**4/12 - m**3/3 - 149*m**2. Let u be f(1). What is the highest common divisor of 296 and u?
74
Let w = 4990 - 4960. What is the greatest common divisor of w and 2610?
30
Suppose 0 = 2*s - 15 + 23. Let q(u) = u**3 + 3*u**2 - 8*u - 2. Let k be q(s). Calculate the greatest common divisor of k and 182.
14
Let d(s) = s**3 + 27*s**2 + 10*s - 614. Let j be d(-22). Calculate the highest common factor of 732 and j.
122
Let j = -3 - -4. Let o be (-5 + 7)*5/20*16. What is the highest common factor of j and o?
1
Let m be -5*(-20 + 2516/(-20)). Calculate the highest common factor of m and 1701.
243
Let q = -240057 + 240267. Let v(x) = x**3 + 3*x**2 - 5*x - 3. Let u be v(-3). What is the highest common factor of q and u?
6
Suppose 25 = 5*x + 15. Let c be (x/(-5)*8)/(266/(-665)). Let j = 6 + -2. What is the highest common divisor of c and j?
4
Suppose 328 = -9*o + 1273. Let u be 56/(-6)*(-3)/2. Calculate the highest common factor of o and u.
7
Let x(j) = 28*j - 32. Suppose -h = -4*m - 14, 5*h - 4*m + 7 = 45. Let b be x(h). Calculate the highest common factor of 17 and b.
17
Let b = -161 + 173. Let x be b/24*(1 - 141/(-3)). What is the highest common factor of x and 15?
3
Suppose 4145 = -13*s - 2784. Suppose -4*h = 187 + 1189. Let x = h - s. What is the greatest common divisor of x and 27?
27
Let g(s) = -s**3 - 31*s**2 - 80*s - 298. Let n be g(-29). Calculate the highest common divisor of n and 1105.
85
Let u be (-1 + -4)/(5 - 4). Let q(x) = x**2 + 2*x - 11. Let j be q(u). Suppose 57 = -j*b + 405. What is the greatest common divisor of 58 and b?
29
Let s(d) = d**2 + 12. Let h be s(0). Suppose 0 = 14*o - 787 - 11. Suppose 3*u + o = r, -4*u - 56 = -5*r + 4*r. What is the greatest common divisor of r and h?
12
Suppose j + n - 8576 = 0, -127*j + 126*j = -3*n - 8592. Calculate the highest common factor of j and 264.
132
Suppose -5*z - 14 = -4*m, 3 = z + 1. Let c = -3360 - -3534. What is the greatest common factor of c and m?
6
Let a be -3 + 3 + (-8)/(-2). Suppose -3*o - 3*v = -2*o - 84, -296 = -a*o - 4*v. Let t = -14 + o. Calculate the greatest common factor of 5 and t.
5
Let n(z) = -z**3 + 22*z**2 - 12*z + 194. Let g be n(17). What is the highest common factor of 35 and g?
35
Let k be 6/27 + (-13218)/(-54). Suppose -4*u + 525 = k. What is the greatest common divisor of 20 and u?
10
Suppose 31 = 2*q + 5*k - 12, 3*k = -q + 21. Let b be (7 - 2) + (-2 - (7 + -10)). Suppose 25*r = b*r + 456. What is the greatest common divisor of r and q?
24
Let s(x) = x**2 + 3*x - 10. Let i be s(14). Let g = 233 - i. What is the highest common factor of g and 5?
5
Let w = -6520 - -6608. What is the greatest common factor of 320 and w?
8
Suppose 115*r = 367 + 26248 + 30195. Let o = 29 + -3. What is the greatest common factor of o and r?
26
Suppose x - 2 = -0*x + a, 0 = a. Let q(w) = w**3 + 5*w**2 - 6*w + 3. Let s be q(-6). Suppose -s*z + x*z = -5. Calculate the highest common divisor of z and 45.
5
Suppose 0*u - 15 = u. Let n = -5 - u. Suppose 3*x - 330 = d, 4*x + 21*d - 16*d - 440 = 0. Calculate the greatest common factor of x and n.
10
Let n = -7373 - -7387. Calculate the highest common divisor of 91 and n.
7
Let t = 28554 - 28409. Calculate the highest common divisor of 6467 and t.
29
Suppose -19 = -2*f + 149. Let k = f - 52. Let y = -747 - -755. Calculate the highest common factor of y and k.
8
Let u(p) = p**3 - 6*p**2 + 8*p - 38. Let l be u(6). Let s(w) = 7*w + 20. Let b be s(l). Calculate the greatest common divisor of b and 12.
6
Suppose 0 = 5*r - 5*q - 35, -10*r + 8*r + 4*q = -4. Su